= 0, 5*p - 3*u - 196 = -0*u. What are the prime factors of p?
2, 19
Let b = -9 + 3. What are the prime factors of (-152)/b*6/4?
2, 19
Let z be 25/15 + (-4)/6. Let t = z - -14. List the prime factors of t.
3, 5
Let d(a) = a**2 - 3*a - 2. Suppose -18 = -5*r + l + 4, 0 = 2*r + 4*l - 22. Let t = 3 - r. What are the prime factors of d(t)?
2
List the prime factors of 236 - (-3 - -10 - 2).
3, 7, 11
Let v(i) = -i**2 - 6*i - 1. Let m be v(-5). Let g(o) = 3*o - o - m*o**2 + 3 + o**3 - 9. List the prime factors of g(4).
2
Let a(x) = 11*x**2 + 2*x - 1. Let u be a(1). Suppose -7*s + u = -3*s. List the prime factors of s.
3
Suppose -7 = -2*k - 3. Suppose -v + 4 = -a, -3*v = -k*a + 1 - 8. What are the prime factors of (0 - v)*1 + 2?
3
Let j(n) = 10*n**2 - n + 6. List the prime factors of j(-3).
3, 11
Let f = -5 + 8. Suppose 2*h = a + 23, -5*a + f*h - 96 - 19 = 0. Let x = -13 - a. What are the prime factors of x?
2, 5
Let b be (-9)/(-2)*(-8)/6. Let p(x) = x**2 + 7*x + 2. Let w be p(b). Let q = w - -8. What are the prime factors of q?
2
Let x be 24/14 + (-4)/(-14). Suppose -x*n = -3*n + 5, 4 = u - n. Let o(l) = -l**2 + 10*l + 1. What are the prime factors of o(u)?
2, 5
Suppose -5*f + 429 = 2*t, 2*f - 1083 = -2*t - 3*t. List the prime factors of t.
7, 31
Let t be -87*((-1)/3 - -1). List the prime factors of 14/(-63) - t/18.
3
Let t = 53 - -26. List the prime factors of t.
79
Suppose w = -0*w + 15. List the prime factors of ((-24)/w)/(-4)*30.
2, 3
Suppose 4*y - 132 = -2*l + 62, 45 = y - 3*l. Suppose -6*v + 96 = -2*v + 4*c, -2*v + 5*c = -y. List the prime factors of v.
2, 3
Suppose -121 = 4*b + 3. Let l = b + 96. Suppose -3*q + 8*q - l = 0. What are the prime factors of q?
13
What are the prime factors of 6145/35 + 12/28?
2, 11
Let i = 25 + -18. Let v(s) be the first derivative of -s**2/2 + 9*s - 3. List the prime factors of v(i).
2
Suppose 5*z + 149 - 444 = 0. Suppose -5*w = -2*g + z, -4 = 4*w - 0. What are the prime factors of g?
3
Let t be (24/14)/(16/168). Suppose -q + 38 = -5*h, -q + t + 24 = -h. Let f = q - 29. What are the prime factors of f?
2, 7
Let v(r) = -r**3 - 5*r**2 + 6*r + 6. Let n(k) = -k**2 - 5*k + 8. Suppose -5*l - 3 = y + 4, 4*y = -l - 28. Let p be n(y). What are the prime factors of v(p)?
2, 3
Suppose -10 = -5*o + 2*o + v, -10 = -5*o + 5*v. List the prime factors of o/(-6) + 77/21.
3
Suppose -z = 4*r - 26, r + r = 8. Let d = z - -4. What are the prime factors of d?
2, 7
Suppose -v - 3*v + 244 = 0. List the prime factors of v.
61
Let v be 222/42 + 2/(-7). Let m = v + 0. List the prime factors of 2*m*(-2)/(-4).
5
Let j = -7 + 4. Let v be 3 - (1 + (-6 - j)). Suppose -v*s + 21 = -3*a, -s + 5*a + 10 = -3. List the prime factors of s.
3
Let q(t) = -2*t**2 - 2*t + 1. Let x be q(1). Let a = x - -5. Let v = 8 - a. What are the prime factors of v?
2, 3
Let f(j) = 5*j - 18. List the prime factors of f(15).
3, 19
Suppose -2*d + 237 = 5*z, -d = -3*z + 6*z - 143. What are the prime factors of z?
7
Suppose 3*q = -5*m + 29, -m - 4*m - 5*q = -35. List the prime factors of m.
2
Suppose 0 = m + 2 - 4. Suppose -185 = -5*d + 5*h, -m*d = 4*h + 11 - 55. Let z = 48 - d. List the prime factors of z.
2
Let y(i) = 4*i**2 + 9*i - 6. Let t(w) = 11*w**2 + 26*w - 18. Let o(u) = u + 8. Let v be o(-11). Let s(g) = v*t(g) + 8*y(g). List the prime factors of s(-5).
11
Let n(f) = f**2 + f + 11. Suppose 0 = -4*r - 0 - 12, -4*r = -5*c + 12. What are the prime factors of n(c)?
11
Suppose 2*n + 4*d = -n + 3, -n + 6 = 3*d. Let t be -6*(-4)/(-18)*n. Suppose t*f = -0*f + 16. List the prime factors of f.
2
Let b(w) = -4 - 9 + 3*w**2 + 3*w + 14. Let o(u) = -2*u**2 - 2*u. Let h(t) = -3*b(t) - 5*o(t). List the prime factors of h(3).
3
Suppose t = 3*t. Suppose -5*h + v = -t*h - 20, -h + 8 = -v. Suppose -d - 12 = -h*r, -d + r = -3*d + 11. What are the prime factors of d?
3
Suppose 6*g = 5*g + 37. Suppose 0 = 2*l + 5*k - g, 2*l - k - 7 = -0*k. List the prime factors of l.
2, 3
Suppose -3*p - 5*j + 6 + 3 = 0, 4*p + 14 = 2*j. Let u = 24 + -17. Let n = u - p. List the prime factors of n.
3
Suppose -2 = 3*j + 10. Let o be (2/j)/(-1)*34. Let c = 28 - o. List the prime factors of c.
11
Let q(c) = -2*c + 8. Let y be q(-6). Suppose 3*u + u = -y. Let m = -1 - u. What are the prime factors of m?
2
Let t = 26 - 4. Suppose 2*h - 6 = 0, 2*k + 3 = 3*h + t. What are the prime factors of k?
2, 7
Suppose 6*d = 3*d - 5*i + 76, -5*d + 120 = 5*i. List the prime factors of d.
2, 11
Suppose 0 = 2*p - 10 - 114. What are the prime factors of p?
2, 31
Suppose -21 = -2*g + 17. Suppose 0 = -u + g + 3. What are the prime factors of u?
2, 11
Suppose -3*z + 2*i + 2*i = -14, 0 = 5*z + 3*i - 4. List the prime factors of z.
2
Suppose 0 = 5*t + 5*y - 214 - 171, 3*t - y - 247 = 0. List the prime factors of t.
3
Suppose 5 = 5*v + 4*p - 4, 0 = 4*v + 5*p. Suppose 3*d + 4*z - 43 = 0, v*d + 0*z = 3*z + 120. List the prime factors of d.
3, 7
Suppose -1610 = -83*v + 76*v. What are the prime factors of v?
2, 5, 23
Let c(l) = -24*l + 3. List the prime factors of c(-2).
3, 17
Let d(a) = a**2 + a + 1. Suppose -4*j - 7 - 1 = 0. What are the prime factors of d(j)?
3
Let t(g) = g + 1. Let v be t(1). Suppose v*z - 3*z = -6. Let q(k) = -k**2 + 7*k. List the prime factors of q(z).
2, 3
List the prime factors of (-2 - -2) + (-4 - -50).
2, 23
Suppose 0 = 3*f + 7 - 13. Let o = 2 - -1. Suppose -g = -o*y - f*g + 61, 15 = y - g. List the prime factors of y.
19
Let t = 110 - 34. What are the prime factors of t?
2, 19
Let k(h) = -h**3 - 8*h**2 - 5*h - 4. List the prime factors of k(-8).
2, 3
Let u(a) = -21*a**2 - 2*a + 1. Let x be u(1). Let f = x - -46. Let l = f - 13. What are the prime factors of l?
11
Let q be (-40 - 1)*-2 - -1. Suppose 5*a = 117 + q. List the prime factors of a.
2, 5
Let o(j) = -j**3 + 15*j**2 - 11*j - 16. Let m be (4 + 0)/((-6)/(-21)). What are the prime factors of o(m)?
2, 13
Suppose 0 = -3*o + 2*o + 6. Let d = o - -9. What are the prime factors of d?
3, 5
Suppose 19*u - 23*u + 756 = 0. List the prime factors of u.
3, 7
Let d(w) = -w**3 + 15*w**2 + 21*w + 10. Let y be d(16). Let k = y - 53. What are the prime factors of k?
37
Let t = 1 - 3. Let m = 8 + t. What are the prime factors of m?
2, 3
Let q(x) be the second derivative of -x**3/6 + 12*x**2 - x. What are the prime factors of q(0)?
2, 3
Suppose 8 + 10 = d. Let i = 12 - 12. Suppose 0 = 5*u + s - d + 6, -2*u - 2*s = i. What are the prime factors of u?
3
Let a(l) = l + 5. Let v be a(-5). Let o(f) = -2*f + 4*f - 7 + v*f. What are the prime factors of o(6)?
5
List the prime factors of 16/6*(3 + (-6)/4).
2
Suppose -n = -6*n + 20. Suppose -i + 27 = 2*m, n*i - 9 - 1 = -m. List the prime factors of m.
2, 7
Suppose 3*z - 10 = 5. Suppose 0 = 3*v + 2*n - 20, 4*n - 35 = -z*v - 1. List the prime factors of v.
2, 3
Let j(a) = 7*a + 2. List the prime factors of j(14).
2, 5
Suppose j - 266 = -j + r, 2*j - 286 = -4*r. Suppose 2*d = -5*a - 54, -2*d = 3*d - 5*a + j. Let x = d - -39. List the prime factors of x.
2, 3
Let g = 237 - 130. What are the prime factors of g?
107
Suppose 5*o - 95 = 5. What are the prime factors of o?
2, 5
Let x be (-2)/(-6) - 77/(-3). Suppose 146 - x = -4*s. What are the prime factors of 4/s*3*-15?
2, 3
Suppose 6*b = 38 + 64. List the prime factors of b.
17
Let i(a) = a + 11. Let m be -7 - (-1)/(2/(-4)). List the prime factors of i(m).
2
Let k(j) = 24*j**2 - 6*j + 5. What are the prime factors of k(2)?
89
Let o be 3/(-12) - 51/(-12). Suppose -c + s = -2, 5*c = 5*s - o*s + 14. List the prime factors of c.
3
Let p(n) = -n + 7. Let m = 6 - 2. What are the prime factors of p(m)?
3
Let n = -40 - -58. List the prime factors of n.
2, 3
Let m(q) = q**3 - 2*q**2 - q + 2. Let f be m(2). Suppose f - 125 = -5*a. What are the prime factors of a?
5
Let w(m) be the second derivative of m**3/3 - 7*m**2/2 - m. What are the prime factors of w(8)?
3
Suppose 8*s = 11*s - 279. List the prime factors of s.
3, 31
Suppose 258 = 3*g - 5*h, -298 + 34 = -3*g + 3*h. List the prime factors of g.
7, 13
Let w(k) = -3*k**2 - 2*k + 1. Let d be w(-3). List the prime factors of (-2)/(2/1) - d.
19
Let k(m) = 4*m - 10. What are the prime factors of k(11)?
2, 17
Suppose 0 = 3*s - 2*s - 2. What are the prime factors of 10/s - 0 - 0?
5
Let y(t) = 82*t - 4. Let f be y(6). What are the prime factors of (-